ose o - 6 = 3*o. Let m be ((-6 - o) + 15)*(-6)/(-8). Suppose 215 = m*r - 4*r. What is the units digit of r?
3
Let c be (-10)/2*(-1)/1. Let y(a) = -20*a + 244. Let k be y(12). Suppose -209 = -c*l - 2*i, 3*l + 0*l + k*i - 131 = 0. What is the tens digit of l?
4
What is the thousands digit of (-7 - 0) + (-704)/16*-166?
7
Let q be 1/1*2 - 0. Let w(l) = -20*l + 22*l + 4*l**3 + 4 + q - 5*l**3. What is the tens digit of w(-4)?
6
Suppose 3*n - 2 = -3*r + 4*n, -1 = 2*r - 3*n. What is the tens digit of ((-436)/20)/(r/(-5))?
0
Let f(v) = -v**3 + v**2 + 4. Let a be f(2). Suppose a = i + 5*i - 984. Suppose -3*p + i = -343. What is the tens digit of p?
6
Suppose 0*p + 3*t = -p - 44, -3*p + 2*t = 165. Let a = p - -57. Suppose 9*r - 15 = a*r. What is the units digit of r?
3
Let j = 60 + -64. Let m(b) = -43*b + 12. What is the tens digit of m(j)?
8
What is the units digit of ((-7382)/(-4) + 3)/(20/40)?
7
Let q(l) = -221*l**3 - l**2 - 10*l - 18. Let y be q(-2). Let o = y - 649. What is the thousands digit of o?
1
Let r = 154 + -154. Suppose r = -l - 2*l - 5*v + 568, 0 = -4*l + v + 742. What is the hundreds digit of l?
1
Let p(n) = 60*n - 162. Let l be p(3). What is the hundreds digit of (-12)/l - (-6238)/6?
0
Suppose 9195 = b + 31*y - 30*y, -5*b + 2*y + 45933 = 0. What is the hundreds digit of b?
1
Let n = 21811 - 12229. What is the thousands digit of n?
9
Suppose -13*u = -20*u + 35. Suppose 2*d - u*d + m + 1165 = 0, m - 391 = -d. What is the tens digit of d?
8
Suppose -2*q = 7*q - 63704 - 38887. What is the units digit of q?
9
Let d = -4090 - -6761. What is the tens digit of d?
7
Suppose 11*q - 80894 = 12*q - 12*q. What is the hundreds digit of q?
3
Let w(g) = 25*g**2 + g - 2. Let f be w(1). Let j be (f/(-18))/(6/9). What is the tens digit of (46 + -4)*((-5)/j - -1)?
4
Let w(c) = -81*c - 14. Let s(r) = -4*r + 16. Let o be s(5). Let j be w(o). Suppose -3*p = -2*b + j, -b + 4*b = -4*p + 448. What is the hundreds digit of b?
1
Suppose 8*g - 12*g - 3936 = 0. Let b = g + 1384. What is the tens digit of b?
0
Let n = -120 - 128. Let d = -57 - n. Suppose 4*f = 3*j - 445, -50 = j - 5*f - d. What is the tens digit of j?
5
Let q = -69 - -63. Let r be (q + 0)/(1*(-2)/2). Suppose -31 = -5*m - r. What is the units digit of m?
5
Suppose -34*h + 33*h = 2. What is the hundreds digit of (-6649)/(-5) + 7 - h/10?
3
Let y(q) = q**3 - 27*q**2 + 11*q. Suppose -67*k = 278 - 2154. What is the thousands digit of y(k)?
1
Suppose -20*a + 95670 = -92116 - 197394. What is the tens digit of a?
5
Suppose 16 = -4*p, 0 = -4*c + c - 4*p - 3451. Let s = 2762 + c. What is the thousands digit of s?
1
Suppose 4*m = 2*l - 80, 2*l = 7*l - 5*m - 175. Suppose -22*h = -l*h + 1640. What is the tens digit of h?
0
Suppose -13 = -4*k + 5*o, -k + o - 4*o - 1 = 0. What is the hundreds digit of (-33708)/(-60) + ((-80)/(-25) - k)?
5
Let b = 112 - 107. Suppose -5*u - w = -3148 + 1138, -2*u - b*w + 827 = 0. What is the tens digit of u?
0
Suppose -5*n + 1093 = 3*h, 44 - 410 = -h - 2*n. Suppose 8 - 218 = z - 4*a, -z = 4*a + 226. Let b = z + h. What is the tens digit of b?
3
Let a be 3*(1 + -1 - -1). Let i(s) be the third derivative of 7*s**4/12 - 23*s**3/6 + 90*s**2 + 8*s. What is the tens digit of i(a)?
1
Suppose -18*g + 14*g = -48. What is the units digit of 4378/g + 2/12?
5
What is the tens digit of (-198)/88 + 155703/12?
7
Let m = 238 - -35. Let p = m + -498. Let c = 44 - p. What is the tens digit of c?
6
Suppose 5*m + 2*n = -2333 + 7903, 4*n + 3316 = 3*m. Suppose -m = -j + 3*h, -4*h - 76 + 84 = 0. What is the thousands digit of j?
1
Suppose -4*l + 4 = 0, r - 5*l - 276 = 3087. What is the units digit of r?
8
Let u(j) be the third derivative of j**6/120 + 5*j**4/24 - 5*j**3/3 - 5*j**2 - 10*j. What is the tens digit of u(8)?
4
Suppose 17*a = 6*a - 22. Let p(l) = 7*l**2. Let g be p(a). What is the units digit of g/12*18*1?
2
Let g(b) = 14*b + 6. Let k be g(20). Let p = k - 163. Suppose 3*r - 41 = 2*r - 3*q, -3*r + p = 3*q. What is the tens digit of r?
4
Let y(c) = -c**3 - 56*c**2 - 82*c + 74. What is the tens digit of y(-56)?
6
What is the tens digit of 64/(-20) + (-15191)/(-55)?
7
What is the units digit of ((-200)/(-70))/((-12)/(-59010)*5)?
0
Suppose -44212 = 23*h - 160891. What is the thousands digit of h?
5
Let c(l) = -l**3 - 8*l**2 + 7*l + 10. Let v(r) = 2*r - 29. Let n be v(9). What is the units digit of c(n)?
6
Suppose -10*s + 17*s = -49. Let w be (-2 - -1)/(s/35). Suppose 980 - 155 = w*p. What is the units digit of p?
5
Let a = 29455 - 17636. What is the ten thousands digit of a?
1
Suppose 4*l - 1064 - 1740 = 0. Let q = -355 + l. What is the hundreds digit of q?
3
Let n = -1592 - -2904. Suppose -5*o - n + 130 = -c, c - o = 1182. What is the tens digit of c?
8
Suppose -29*o + 250897 + 590676 - 250234 = 0. What is the hundreds digit of o?
3
Suppose -r + 17 = -5*z, 0*z + 4*z - 70 = -3*r. Let q = r + -26. What is the units digit of (-78)/q*4/3?
6
Suppose f = -4*f - 500. Let j(l) = -10*l - 73. Let u be j(-23). Let x = f + u. What is the units digit of x?
7
Let q be 21 - (-40)/(6 - 14). Suppose -q*n + 3217 = 2*z - 13*n, 0 = -4*z + 5*n + 6379. What is the thousands digit of z?
1
Let l be 2 - 4 - 25/(-5). Suppose 73 + 233 = 2*j + 5*h, l*h = -j + 151. What is the hundreds digit of j?
1
Suppose 6*g - g - 525 = 0. Let m = g - 100. Suppose 242 = 4*r - 3*i, m*i = -5*r - 110 + 395. What is the tens digit of r?
5
Suppose 25*m = 10*m + 15390. Suppose -25*w + 19401 - m = 0. What is the tens digit of w?
3
Suppose 0 = 61*g + 772843 - 1237078 - 1807832. What is the thousands digit of g?
7
Let m = 1235 + -775. Let j = -139 + m. Suppose 7*i = 141 + j. What is the units digit of i?
6
What is the tens digit of ((-1232)/12 - 16/(-8))*-75?
5
Let c be 36/54 - (-8)/6. Suppose c*m = 1 + 1. What is the hundreds digit of m/(-3) - (-5 + (-1040)/6)?
1
Let h be (15/(180/(-128)))/(2/3). Let g(y) = y**3 + 18*y**2 - 24*y - 39. What is the tens digit of g(h)?
5
Let m be (-26)/(-6) - 4/(-6). Let n = -635 + 640. What is the hundreds digit of n + (-3 + m)*92?
1
Suppose -2*k = 3*n + 8, -k = -n - 0*k - 1. Let g be n/13 + 20/130. Let j(i) = i**3 + i**2 - 4*i + 13. What is the units digit of j(g)?
3
Let h = -63 + 74. Suppose -3204 = -h*z + 5*z. What is the hundreds digit of z?
5
Suppose 0 = -0*f - 25*f - 3675. What is the hundreds digit of 7/(f/(-3342)) - 3/21?
1
Let k = 64 - 44. Suppose 8*o - k = 20. Suppose -o*c - 3*v + 267 = 0, -2*v - 6 + 4 = 0. What is the tens digit of c?
5
Let d(x) = -x**3 - 18*x**2 + 2*x + 40. Let l be d(-18). Suppose r = -3 + l, 4*z = r + 1775. What is the hundreds digit of z?
4
Let s(p) = p**3 - 14*p**2 + 18*p - 16. Let a be (78/(-4))/(6/(-4)). Let c be s(a). What is the tens digit of (c/(-5) + 3)/((-2)/10)?
3
Let f = 147 - 144. Let c be 24/42 + (f - (-30)/21). Suppose 582 = 3*o + c*v, 2*o - 5*v + 980 = 7*o. What is the hundreds digit of o?
1
Let p(q) = -17*q**3 - 18*q**2 + 65*q + 541. What is the tens digit of p(-16)?
2
What is the hundreds digit of ((-30046)/(-15) - (-10)/(-25))/((-30)/(-135))?
0
Suppose -19*z = -8*z + 66. Let n(p) = 2*p**2 + 9*p - 12. Let k be n(z). Suppose 2*b = k*b - 900. What is the hundreds digit of b?
2
Suppose 14*k + 3*k + 1283 = 86045. What is the tens digit of k?
8
Let s = 2 + -2. Let n be (-44)/(-33) + 64/24. Suppose -n*u = -s*u - 652. What is the tens digit of u?
6
Let p = 268 + -1102. What is the units digit of 6/(72/p)*-2?
9
Suppose 4*a - 2*w - 16824 = 32486, -w - 61645 = -5*a. What is the thousands digit of a?
2
Let a(p) = p**3 - 16*p**2 - 12*p + 2. Suppose -5*x = 3*s - 30, x + s = 5*s + 29. Suppose 12*j - 51 = x*j. What is the tens digit of a(j)?
8
Suppose -4*h + 1647 = -0*h + 5*r, 4*r - 2052 = -5*h. Let b be h - (3 + -3) - 3. Suppose -b = -5*p + 2*p. What is the hundreds digit of p?
1
What is the ten thousands digit of ((603/(-268))/(6/19766))/(3/(-12))?
2
Let w = -63 - -86. What is the tens digit of 2/w - (-8272)/92?
9
Let u = 159 + -59. Suppose -4*d = -d - 4*t - u, -8 = 2*t. What is the hundreds digit of (3592/d - -4) + 6/(-21)?
1
Let k(j) = -3*j + 13. Let n(a) = a**3 + 24*a**2 - 51*a + 20. Let x be n(-26). What is the units digit of k(x)?
1
Suppose -34140 = -5*l + 29*g - 24*g, -3*l = 5*g - 20500. What is the thousands digit of l?
6
Suppose -p - 12 = -4*p - 4*q, -15 = -2*p - 5*q. Sup